{"id":17535,"date":"2023-09-14T15:54:14","date_gmt":"2023-09-14T15:54:14","guid":{"rendered":"https:\/\/kapayou.ch\/?product=brush-candy-dress-celebrity-katy-perry"},"modified":"2023-09-16T12:31:33","modified_gmt":"2023-09-16T12:31:33","slug":"brush-candy-dress-celebrity-katy-perry","status":"publish","type":"product","link":"https:\/\/kapayou.ch\/?product=brush-candy-dress-celebrity-katy-perry","title":{"rendered":"BRUSH CANDY DRESS CELEBRITY  Katy Perry"},"content":{"rendered":"<p>\u00e4rmellos, mini, breite Tr\u00e4ger, Qualit\u00e4tsstoff, in Tiere-Optik gemusterter Stoff, betonte Taille, elegantes Kleid, tailliert, verdeckter Seitenrei\u00dfverschluss, Pfaumuster, eng geschnitten<\/p>\n<p>\n\t<img decoding=\"async\" height=\"300\" src=\"https:\/\/yournewstyle.pl\/files\/clothes\/preview\/ff991014115cf6eac94763d6f94fddb9.jpg\" \/>&nbsp;&nbsp;&nbsp; <img decoding=\"async\" height=\"300\" src=\"https:\/\/yournewstyle.pl\/files\/clothes\/preview\/2366c4f0ed9ccb04ae2fe2e8926d6e4b.jpg\" \/>&nbsp;&nbsp;&nbsp; <img decoding=\"async\" height=\"300\" src=\"https:\/\/yournewstyle.pl\/files\/clothes\/preview\/545fde0cb4e351566e45d9a0de41b775.jpg\" \/><\/p>\n<p><\/p>\n","protected":false},"excerpt":{"rendered":"<p>\u00e4rmellos, mini, breite Tr\u00e4ger, Qualit\u00e4tsstoff, in Tiere-Optik gemusterter Stoff, betonte Taille, elegantes Kleid, tailliert, verdeckter Seitenrei\u00dfverschluss, Pfaumuster, eng geschnitten<br \/>\n\t&nbsp;&nbsp;&nbsp; &nbsp;&nbsp;&nbsp;<\/p>\n","protected":false},"featured_media":8393,"comment_status":"closed","ping_status":"closed","template":"","meta":{"site-sidebar-layout":"default","site-content-layout":"","ast-site-content-layout":"default","site-content-style":"default","site-sidebar-style":"default","ast-global-header-display":"","ast-banner-title-visibility":"","ast-main-header-display":"","ast-hfb-above-header-display":"","ast-hfb-below-header-display":"","ast-hfb-mobile-header-display":"","site-post-title":"","ast-breadcrumbs-content":"","ast-featured-img":"","footer-sml-layout":"","ast-disable-related-posts":"","theme-transparent-header-meta":"","adv-header-id-meta":"","stick-header-meta":"","header-above-stick-meta":"","header-main-stick-meta":"","header-below-stick-meta":"","astra-migrate-meta-layouts":"default","ast-page-background-enabled":"default","ast-page-background-meta":{"desktop":{"background-color":"var(--ast-global-color-4)","background-image":"","background-repeat":"repeat","background-position":"center center","background-size":"auto","background-attachment":"scroll","background-type":"","background-media":"","overlay-type":"","overlay-color":"","overlay-opacity":"","overlay-gradient":""},"tablet":{"background-color":"","background-image":"","background-repeat":"repeat","background-position":"center center","background-size":"auto","background-attachment":"scroll","background-type":"","background-media":"","overlay-type":"","overlay-color":"","overlay-opacity":"","overlay-gradient":""},"mobile":{"background-color":"","background-image":"","background-repeat":"repeat","background-position":"center center","background-size":"auto","background-attachment":"scroll","background-type":"","background-media":"","overlay-type":"","overlay-color":"","overlay-opacity":"","overlay-gradient":""}},"ast-content-background-meta":{"desktop":{"background-color":"var(--ast-global-color-5)","background-image":"","background-repeat":"repeat","background-position":"center center","background-size":"auto","background-attachment":"scroll","background-type":"","background-media":"","overlay-type":"","overlay-color":"","overlay-opacity":"","overlay-gradient":""},"tablet":{"background-color":"var(--ast-global-color-5)","background-image":"","background-repeat":"repeat","background-position":"center center","background-size":"auto","background-attachment":"scroll","background-type":"","background-media":"","overlay-type":"","overlay-color":"","overlay-opacity":"","overlay-gradient":""},"mobile":{"background-color":"var(--ast-global-color-5)","background-image":"","background-repeat":"repeat","background-position":"center center","background-size":"auto","background-attachment":"scroll","background-type":"","background-media":"","overlay-type":"","overlay-color":"","overlay-opacity":"","overlay-gradient":""}}},"product_brand":[],"product_cat":[17,56],"product_tag":[],"class_list":{"0":"post-17535","1":"product","2":"type-product","3":"status-publish","4":"has-post-thumbnail","6":"product_cat-frauen","7":"product_cat-kleider-frauen","8":"pa_cloth-95-poliester-5-elastan","9":"pa_color-weiss-und-schwarz","10":"pa_size-l","11":"pa_size-m","12":"pa_size-s","13":"pa_size-xs","14":"desktop-align-center","15":"tablet-align-left","16":"mobile-align-left","17":"ast-product-gallery-layout-horizontal-slider","18":"ast-product-single-variable","19":"ast-product-tabs-layout-distributed","20":"ast-qv-on-image","22":"first","23":"instock","24":"taxable","25":"shipping-taxable","26":"purchasable","27":"product-type-variable"},"aioseo_notices":[],"_links":{"self":[{"href":"https:\/\/kapayou.ch\/index.php?rest_route=\/wp\/v2\/product\/17535","targetHints":{"allow":["GET"]}}],"collection":[{"href":"https:\/\/kapayou.ch\/index.php?rest_route=\/wp\/v2\/product"}],"about":[{"href":"https:\/\/kapayou.ch\/index.php?rest_route=\/wp\/v2\/types\/product"}],"replies":[{"embeddable":true,"href":"https:\/\/kapayou.ch\/index.php?rest_route=%2Fwp%2Fv2%2Fcomments&post=17535"}],"version-history":[{"count":1,"href":"https:\/\/kapayou.ch\/index.php?rest_route=\/wp\/v2\/product\/17535\/revisions"}],"predecessor-version":[{"id":17878,"href":"https:\/\/kapayou.ch\/index.php?rest_route=\/wp\/v2\/product\/17535\/revisions\/17878"}],"wp:featuredmedia":[{"embeddable":true,"href":"https:\/\/kapayou.ch\/index.php?rest_route=\/wp\/v2\/media\/8393"}],"wp:attachment":[{"href":"https:\/\/kapayou.ch\/index.php?rest_route=%2Fwp%2Fv2%2Fmedia&parent=17535"}],"wp:term":[{"taxonomy":"product_brand","embeddable":true,"href":"https:\/\/kapayou.ch\/index.php?rest_route=%2Fwp%2Fv2%2Fproduct_brand&post=17535"},{"taxonomy":"product_cat","embeddable":true,"href":"https:\/\/kapayou.ch\/index.php?rest_route=%2Fwp%2Fv2%2Fproduct_cat&post=17535"},{"taxonomy":"product_tag","embeddable":true,"href":"https:\/\/kapayou.ch\/index.php?rest_route=%2Fwp%2Fv2%2Fproduct_tag&post=17535"}],"curies":[{"name":"wp","href":"https:\/\/api.w.org\/{rel}","templated":true}]}}