{"id":16134,"date":"2023-09-14T15:48:43","date_gmt":"2023-09-14T15:48:43","guid":{"rendered":"https:\/\/kapayou.ch\/?product=bye-bra-schulterpolster-unter-dem-bh-2"},"modified":"2023-09-16T12:32:26","modified_gmt":"2023-09-16T12:32:26","slug":"bye-bra-schulterpolster-unter-dem-bh-2","status":"publish","type":"product","link":"https:\/\/kapayou.ch\/?product=bye-bra-schulterpolster-unter-dem-bh-2","title":{"rendered":"BYE BRA   Schulterpolster Unter Dem BH"},"content":{"rendered":"<p>Schulterpolster f\u00fcr die Schulter sind die perfekte M\u00f6glichkeit, die Figur in jedem Outfit zu formen. Mit weichem Schaumstoff ausgelegt sind sie diskret unter der Kleidung.<\/p>\n<p>Die Schulterprotektoren von Bye bedecken den Armknochen und gl\u00e4tten die Kontur des Kleidungsst\u00fccks. Die Pads haben eine Innentasche mit Klappe, in der Sie die Tr\u00e4ger vom BH aus befestigen k\u00f6nnen. Die Packung enth\u00e4lt ein Paar Scheiben.<br \/>\nZusammensetzung: 100% EAN-Polyurethan: 8718801013267<\/p>\n","protected":false},"excerpt":{"rendered":"<p>Schulterpolster f\u00fcr die Schulter sind die perfekte M\u00f6glichkeit, die Figur in jedem Outfit zu formen. Mit weichem Schaumstoff ausgelegt sind sie diskret unter der Kleidung.<\/p>\n<p>Die Schulterprotektoren von Bye bedecken den Armknochen und gl\u00e4tten die Kontur des Kleidungsst\u00fccks. Die Pads haben eine Innentasche mit Klappe, in der Sie die Tr\u00e4ger vom BH aus befestigen k\u00f6nnen. Die Packung enth\u00e4lt ein Paar Scheiben.<br \/>\nZusammensetzung: 100% EAN-Polyurethan: 8718801013267<\/p>\n","protected":false},"featured_media":3089,"comment_status":"closed","ping_status":"closed","template":"","meta":{"site-sidebar-layout":"default","site-content-layout":"","ast-site-content-layout":"default","site-content-style":"default","site-sidebar-style":"default","ast-global-header-display":"","ast-banner-title-visibility":"","ast-main-header-display":"","ast-hfb-above-header-display":"","ast-hfb-below-header-display":"","ast-hfb-mobile-header-display":"","site-post-title":"","ast-breadcrumbs-content":"","ast-featured-img":"","footer-sml-layout":"","ast-disable-related-posts":"","theme-transparent-header-meta":"","adv-header-id-meta":"","stick-header-meta":"","header-above-stick-meta":"","header-main-stick-meta":"","header-below-stick-meta":"","astra-migrate-meta-layouts":"default","ast-page-background-enabled":"default","ast-page-background-meta":{"desktop":{"background-color":"var(--ast-global-color-4)","background-image":"","background-repeat":"repeat","background-position":"center center","background-size":"auto","background-attachment":"scroll","background-type":"","background-media":"","overlay-type":"","overlay-color":"","overlay-opacity":"","overlay-gradient":""},"tablet":{"background-color":"","background-image":"","background-repeat":"repeat","background-position":"center center","background-size":"auto","background-attachment":"scroll","background-type":"","background-media":"","overlay-type":"","overlay-color":"","overlay-opacity":"","overlay-gradient":""},"mobile":{"background-color":"","background-image":"","background-repeat":"repeat","background-position":"center center","background-size":"auto","background-attachment":"scroll","background-type":"","background-media":"","overlay-type":"","overlay-color":"","overlay-opacity":"","overlay-gradient":""}},"ast-content-background-meta":{"desktop":{"background-color":"var(--ast-global-color-5)","background-image":"","background-repeat":"repeat","background-position":"center center","background-size":"auto","background-attachment":"scroll","background-type":"","background-media":"","overlay-type":"","overlay-color":"","overlay-opacity":"","overlay-gradient":""},"tablet":{"background-color":"var(--ast-global-color-5)","background-image":"","background-repeat":"repeat","background-position":"center center","background-size":"auto","background-attachment":"scroll","background-type":"","background-media":"","overlay-type":"","overlay-color":"","overlay-opacity":"","overlay-gradient":""},"mobile":{"background-color":"var(--ast-global-color-5)","background-image":"","background-repeat":"repeat","background-position":"center center","background-size":"auto","background-attachment":"scroll","background-type":"","background-media":"","overlay-type":"","overlay-color":"","overlay-opacity":"","overlay-gradient":""}}},"product_brand":[],"product_cat":[21,111],"product_tag":[],"class_list":{"0":"post-16134","1":"product","2":"type-product","3":"status-publish","4":"has-post-thumbnail","6":"product_cat-unterwasche","7":"product_cat-zubehor-unterwasche","8":"pa_cloth-100-polyurethan","9":"pa_color-fleischfarben","10":"pa_size-szt","11":"desktop-align-center","12":"tablet-align-left","13":"mobile-align-left","14":"ast-product-gallery-layout-horizontal-slider","15":"ast-product-tabs-layout-distributed","16":"ast-qv-on-image","18":"first","19":"instock","20":"taxable","21":"shipping-taxable","22":"purchasable","23":"product-type-simple"},"aioseo_notices":[],"_links":{"self":[{"href":"https:\/\/kapayou.ch\/index.php?rest_route=\/wp\/v2\/product\/16134","targetHints":{"allow":["GET"]}}],"collection":[{"href":"https:\/\/kapayou.ch\/index.php?rest_route=\/wp\/v2\/product"}],"about":[{"href":"https:\/\/kapayou.ch\/index.php?rest_route=\/wp\/v2\/types\/product"}],"replies":[{"embeddable":true,"href":"https:\/\/kapayou.ch\/index.php?rest_route=%2Fwp%2Fv2%2Fcomments&post=16134"}],"version-history":[{"count":1,"href":"https:\/\/kapayou.ch\/index.php?rest_route=\/wp\/v2\/product\/16134\/revisions"}],"predecessor-version":[{"id":18285,"href":"https:\/\/kapayou.ch\/index.php?rest_route=\/wp\/v2\/product\/16134\/revisions\/18285"}],"wp:featuredmedia":[{"embeddable":true,"href":"https:\/\/kapayou.ch\/index.php?rest_route=\/wp\/v2\/media\/3089"}],"wp:attachment":[{"href":"https:\/\/kapayou.ch\/index.php?rest_route=%2Fwp%2Fv2%2Fmedia&parent=16134"}],"wp:term":[{"taxonomy":"product_brand","embeddable":true,"href":"https:\/\/kapayou.ch\/index.php?rest_route=%2Fwp%2Fv2%2Fproduct_brand&post=16134"},{"taxonomy":"product_cat","embeddable":true,"href":"https:\/\/kapayou.ch\/index.php?rest_route=%2Fwp%2Fv2%2Fproduct_cat&post=16134"},{"taxonomy":"product_tag","embeddable":true,"href":"https:\/\/kapayou.ch\/index.php?rest_route=%2Fwp%2Fv2%2Fproduct_tag&post=16134"}],"curies":[{"name":"wp","href":"https:\/\/api.w.org\/{rel}","templated":true}]}}